z + 220 = 5*q. What is the greatest common factor of q and 13?
13
Suppose -9 - 15 = -6*x. What is the greatest common factor of 18 and x?
2
Let v(r) be the first derivative of 3*r**2/2 - 9*r - 3. Let i be v(7). What is the highest common factor of 84 and i?
12
Suppose -3*x = -2*v + 45, v - x + 10 = 2*v. What is the greatest common divisor of 255 and v?
15
Let k = -11 - -14. Let n(s) = 2*s**3 - s**2 - s - 6. Let a be n(k). Calculate the greatest common factor of 6 and a.
6
Suppose -4*i = -5*i + 2. Suppose -2*r + 2*m = -16, 7*r - 2*m - 12 = 6*r. Calculate the greatest common factor of r and i.
2
Let c(i) = -i**3 - 2*i**2 - i - 4. Let x be c(-3). Calculate the highest common divisor of 48 and x.
8
Let q(r) = -6*r + 1. Let o be q(-1). Let y(b) = -2*b**2 + 11*b - 5. Let n be y(o). Let t = 42 + n. Calculate the highest common factor of 8 and t.
8
Let s be (24/5 + -4)/(2/60). Calculate the greatest common divisor of s and 8.
8
Suppose 8 + 32 = 4*a. Calculate the greatest common factor of 10 and a.
10
Suppose -h - 2*a - 6 = 0, 1 = -5*h + 5*a - 14. Let i(n) = n**2 + 2*n - 5. Let g be i(h). What is the greatest common divisor of 9 and g?
3
Let q = 80 - 70. Calculate the highest common divisor of q and 220.
10
Suppose -12 = -2*o + 22. Let r = o - 16. What is the highest common divisor of 9 and r?
1
Suppose 3*g - g = 14. Suppose -g*z + 255 = -4*z. What is the highest common factor of z and 17?
17
Let w(n) = n**3 + 15*n**2 - n + 13. Let v be w(-15). What is the highest common divisor of 56 and v?
28
Let x(j) = 27*j**2 + 6*j - 8. Let a be x(2). What is the greatest common divisor of a and 7?
7
Let r(d) = 31*d + 3. Let k be r(6). Suppose s + 5*q - 1 = 10, -5*q + 32 = 2*s. What is the highest common factor of s and k?
21
Let j be 4/6 - 32/(-6). Suppose 5*v - 95 - 160 = 0. Let w = v - 36. Calculate the highest common factor of j and w.
3
Let c = 71 - 45. Suppose 3*n - 119 = 2*b + 3*b, 0 = -5*n + 2*b + 173. Let g = 6 + n. Calculate the greatest common divisor of c and g.
13
Let c = -32 + 47. Suppose -24 = -3*n + c. Calculate the highest common divisor of n and 13.
13
Suppose -2*f + 105 = 5*q, -7*f + 5*q = -2*f - 315. Let v = -330 - -480. Calculate the greatest common factor of f and v.
30
Suppose 4*i + i = -3*p + 40, p + 20 = 5*i. Calculate the highest common divisor of 55 and p.
5
Suppose -4*b + 3 = -1. Let y be b/(-4) + (-483)/(-12). Let t = y - 21. Calculate the highest common divisor of t and 19.
19
Suppose 2*i + 2*p = -i + 25, -14 = -2*i - 4*p. Let b = 48 - 109. Let o = b + 133. Calculate the highest common factor of o and i.
9
Let q = 30 - 17. Let z be -24*(-2 + 7/(-3)). What is the highest common factor of z and q?
13
Let d(c) = c**3 + c**2 - 7*c. Let s be d(3). Let n = 70 + -40. What is the greatest common factor of n and s?
15
Let k(x) = -x**3 - 2*x**2 - x + 4. Let u be k(-3). Calculate the highest common factor of 16 and u.
16
Let q be 2 + 0 - (3 + -2) - -10. Let c be (-1149)/(-15) - 4/(-10). What is the greatest common factor of c and q?
11
Let x(l) = 17*l - 65. Let r be x(16). What is the highest common divisor of 23 and r?
23
Suppose 2*f = 4*f + 8. Suppose -5*a + k + 27 = -2, 5*k + 1 = a. Let l be (a/(-9))/(f/210). What is the highest common divisor of 5 and l?
5
Let v be ((-2)/(-2))/(4 - 777/195). What is the greatest common divisor of v and 26?
13
Let z be (-9)/9 - 7*-2. What is the greatest common factor of z and 39?
13
Let a(c) = c**2 - c - 15. Let w be a(5). What is the greatest common factor of 15 and w?
5
Let h be (-4)/(-6) + (-770)/(-15). What is the highest common factor of h and 13?
13
Let f be 1/(-3) - 74/(-6). Let g = f - -12. Calculate the highest common factor of 6 and g.
6
Let h = -27 - -57. Calculate the highest common divisor of h and 12.
6
Let c(w) = w + 24. Let q be c(-9). Calculate the highest common factor of q and 35.
5
Let d = -56 + 98. Suppose -v - 3*g = -34, 5*g = 8*v - 3*v - 130. Calculate the highest common factor of v and d.
14
Let x = 22 + -9. Calculate the highest common divisor of 117 and x.
13
Suppose -4*i = -5*z + 5, 5*i - 4*i - 3*z = -10. Calculate the highest common factor of 90 and i.
5
Suppose -37 = -5*f + 5*d - 2, 0 = -5*f - 5*d + 55. Suppose 0 = -2*i - i + 3. Let v be (-1)/(-1) + i - -61. Calculate the highest common divisor of f and v.
9
Let b(n) = n**2 - 3*n. Let v be b(6). What is the greatest common factor of 12 and v?
6
Suppose 0 = -4*c - 20 - 8. Let a(r) = r**3 + 7*r**2 - r + 5. Let k be a(c). What is the highest common factor of k and 48?
12
Let a(t) = 2*t**2 + 8*t - 8. Let x be a(-5). What is the greatest common factor of 6 and x?
2
Let h be ((-112)/(-21))/(2/12). What is the greatest common factor of 8 and h?
8
Let f(y) = -y**2 - y + 2. Let b be f(-5). Let w = -15 - b. Calculate the highest common factor of 1 and w.
1
Let j = 24 + -44. Let t = 30 + j. What is the greatest common divisor of t and 2?
2
Suppose 0 = -8*v + 5*v + 9. Suppose 322 + 29 = v*g. Let x = -10 - -23. What is the greatest common divisor of g and x?
13
Let f = 0 - -4. Suppose -25 = 5*h, -3*c + 7 = 3*h - 32. Suppose 0 = -5*z + c + 22. What is the greatest common divisor of z and f?
4
Suppose 8*h - 206 = 34. Calculate the greatest common factor of 210 and h.
30
Let x be (-44)/(-6)*(-3)/(-2). Suppose -d = 2*r - x, -2*d = -5*r - 3*d + 20. What is the greatest common divisor of r and 27?
3
Let w = -36 + 52. Suppose -3*c - 5*r + 14 = 0, 2*c + r + 14 = 7*c. Suppose -224 = -5*d + c*d. Calculate the highest common factor of w and d.
16
Let p(g) = -15*g - 3. Let n be p(-8). Suppose 0*d + n = 2*d + 3*h, -4*h - 86 = -d. What is the greatest common factor of 44 and d?
22
Suppose -8 - 146 = -n. Suppose 0 = -3*y - 2*c + 40, -y - 6*c + c + 9 = 0. Calculate the greatest common divisor of y and n.
14
Suppose -64 = -x + 35. What is the highest common factor of 11 and x?
11
Let x be (0 - -2)*1/(-2). Let d(p) = 7*p**2 - 1. Let r be d(x). Suppose 5*f + 2*l = -l + 33, -3*f = 5*l - 7. What is the highest common divisor of r and f?
3
Let p be ((-6)/(-8))/(1/12). Calculate the highest common factor of 3 and p.
3
Let a = -53 + 281. Suppose 2*t - 78 = a. Suppose 3*f = -4*n + 80, -4*n + 4*f - 5 = -57. Calculate the highest common factor of t and n.
17
Suppose -3*o + r = -20 - 12, 4*o - 56 = -2*r. Calculate the greatest common factor of o and 3.
3
Let w(q) = 6*q**3 + 6*q - 4. Let s be w(2). Calculate the highest common divisor of s and 14.
14
Let w be ((-6)/(-2))/((-4)/(-44)). What is the greatest common divisor of 11 and w?
11
Let w(l) = l**3 + 7*l**2 - 2*l - 6. Let b be 12/18 + 23/(-3). Let q be w(b). Calculate the greatest common factor of 1 and q.
1
Suppose 4*d - 10*l - 272 = -8*l, -5*d - 3*l + 340 = 0. Calculate the greatest common divisor of 17 and d.
17
Let a(u) = 4*u**2 + 2*u - 4*u**2 - u**3 + 7*u**2 - 2*u**2. Let m be a(5). Suppose 0 = 3*y - 55 + m. What is the greatest common factor of 45 and y?
15
Let g(s) = s**3 - 2*s**2 - 3*s + 2. Let r be g(5). Suppose -r = o - 5*o + 2*v, 0 = -3*v - 9. Calculate the highest common factor of 154 and o.
14
Let y(l) = l**2 - 5*l - 3. Let b be y(6). Calculate the greatest common factor of b and 33.
3
Suppose -4*a = -3 - 5. Suppose l - a*n = n - 7, 4*n - 11 = l. What is the greatest common divisor of 45 and l?
5
Let s(u) = u**2 + 3*u + 12. Let x be s(6). Calculate the highest common divisor of x and 88.
22
Suppose 4*w - 130 = -50. What is the greatest common divisor of 100 and w?
20
Suppose -4*w + 24 = -w. Calculate the highest common divisor of 136 and w.
8
Let k = 1 + 12. Calculate the highest common divisor of k and 130.
13
Let c be 6 + -4*(-1)/2. Let t(n) = n**3 + 8*n**2 + 2*n - 3. Let s be t(-7). Calculate the highest common divisor of s and c.
8
Suppose -n - n = -286. Let x(d) = 25*d + 1. Let l be x(1). Suppose l = 5*k - 3*k. Calculate the highest common factor of k and n.
13
Suppose -4*h = h - 40. What is the highest common divisor of 20 and h?
4
Suppose 0 = 5*i - 365 + 95. Let q be 12*2/(-12)*-3. What is the greatest common factor of i and q?
6
Suppose -y + 4*y + 39 = 4*g, g = -5*y + 27. Calculate the greatest common divisor of 24 and g.
12
Suppose 4*c + 11 = 83. What is the highest common factor of 27 and c?
9
Let h be (-2 + 20/8)*(2 - 0). What is the greatest common divisor of 17 and h?
1
Let o = 5 - 5. Su